= 0. List the prime factors of y.
2
Suppose -2*m = 3*s - 25, -4 = -2*m + 3*s + s. Let o = -5 + m. Suppose 0 = -3*a - p + 23, 4*p + 6 - 26 = -o*a. List the prime factors of a.
2
Suppose 5*s = s + 212. List the prime factors of s.
53
Let w be (6/10)/((-3)/(-15)). Suppose 8 = -5*s + 3*s, 4*s = -w*r + 95. What are the prime factors of r?
37
Let a(r) = r**3 - 5*r**2 - 4*r + 7. Let u be a(6). Suppose u - 63 = -2*z. What are the prime factors of z?
2, 11
Let v(q) = q**3 - q**2 - 4*q - 3. Let f be v(-3). Let h = -15 - f. What are the prime factors of h?
2, 3
Suppose 47 - 8 = f. List the prime factors of f.
3, 13
Suppose -5*m - 3*n = -77, -4*m + 0*m = -5*n - 32. Let h = m + -2. List the prime factors of h.
11
Suppose 4*y = -16, 0 = -4*x - 2*y - 90 + 390. What are the prime factors of x?
7, 11
Suppose -7 = p - 2. What are the prime factors of (1 - 0)*(p + 17)?
2, 3
Let d be 6/(-2) - (-2 + -3). Suppose 0 = 3*l - d*l - 21. Suppose -3*g + l = -9. What are the prime factors of g?
2, 5
Let l = -38 - -96. What are the prime factors of l?
2, 29
Let s(x) = -x**3 - 2*x**2 + 1. Let y be s(1). Let f = y + 4. List the prime factors of f/9 + 25/9.
3
Let u = 12 + -7. What are the prime factors of 31 + u/((-5)/3)?
2, 7
Suppose -5*u - 2*o = -78, 62 = 3*u + 4*o + o. Let v be (0 + -10)/(4 + -3). Let n = u + v. What are the prime factors of n?
2
Let n = -15 - -57. Suppose 4*x = 78 + n. List the prime factors of x.
2, 3, 5
Let m be (-2 - (194 - -3))*-1. Suppose -2*w = -5*s + m, 0*w + w = 2*s - 80. Suppose -1 = -4*v + s. List the prime factors of v.
2, 5
Let a = -17 - -48. List the prime factors of a.
31
Suppose b - 14 = -b. Suppose 135 = -2*j + b*j. List the prime factors of j.
3
Let x = -2 - -32. List the prime factors of x.
2, 3, 5
What are the prime factors of 1*-17*(2 + -3)?
17
Let m be (2/(-4))/((-9)/72). Let b(u) = 8*u - 2. Let z(o) = -o + 1. Let s(t) = b(t) + 6*z(t). List the prime factors of s(m).
2, 3
Suppose 5*z + 15 = 0, z = 3*q - 122 + 44. List the prime factors of q.
5
Let c = -2 - -33. List the prime factors of c.
31
Suppose 5 - 33 = -l + 5*w, 2*l + 3*w = -9. Suppose g + 1 = l. List the prime factors of g.
2
Suppose y = 3*y - 36. Suppose -a = -3*a + y. What are the prime factors of a?
3
Let l(t) = -8*t**2. Let w be l(-2). Let x = -17 - w. List the prime factors of 10/4*12/x.
2
Suppose 0*l - 6*l + 318 = 0. List the prime factors of l.
53
Let u = 6 - -1. List the prime factors of u.
7
Let t = -20 - -26. What are the prime factors of t?
2, 3
Suppose 25 - 4 = -3*d. Let v = d + 6. Let c(t) = -8*t**3 + t**2 + t. What are the prime factors of c(v)?
2
Let n = -10 - 1. Let t(r) = -r**3 - 12*r**2 - 12*r - 8. Let g be t(n). Suppose -g*u = 2*u - 40. What are the prime factors of u?
2
Let b = -2 - -3. Let w(x) = -b + 2*x**2 + 0*x**2 + x**2. List the prime factors of w(1).
2
Let p(q) = q**3 + 9*q**2 - 6*q - 7. Let f be p(-9). Let t = -32 + f. List the prime factors of t.
3, 5
Suppose -6*k = -k - 25. Let d = k + -3. Suppose d*i + 5 = -3*m, -3*m = 3*i - m. What are the prime factors of i?
2
Let n = -68 + 105. What are the prime factors of n?
37
Let r(f) = 3*f**3 + 5*f - 2. Let g(z) = -z. Let q(c) = 3*g(c) + r(c). What are the prime factors of q(1)?
3
Let x(f) = 2*f**3 + f**2 - 9*f + 8. Let k(n) = -n**3 - n**2 + 5*n - 4. Let b(v) = -11*k(v) - 6*x(v). List the prime factors of b(3).
11
Let h(i) = -i**3 - 7*i**2 - 6*i + 5. Let l be h(-6). Suppose -6*o + 68 = -5*o. Suppose -l*j = m + 3*m - o, -4*j + 3*m = -42. List the prime factors of j.
2, 3
Suppose -3*t = -g + 55, -2*g + 3*t = -5*g + 129. What are the prime factors of g?
2, 23
List the prime factors of 9 - -1 - (3 + 0).
7
Suppose 3*o + 10 = 2*o. Let q = o - -14. List the prime factors of q.
2
Let y(b) be the first derivative of -b**3/3 - 9*b**2/2 - 10*b - 4. What are the prime factors of y(-7)?
2
Let y = 207 + -140. What are the prime factors of y?
67
What are the prime factors of (580/20)/(2/4)?
2, 29
Suppose -k = -5*q - 2*k + 88, 2*q - 28 = -4*k. Suppose 4*z = z + q. What are the prime factors of z?
2, 3
Suppose -7*v + 3*v - 20 = 4*w, 5 = 5*w - v. Suppose w = 2*z - 5*n - 17 + 5, 2*z + 4*n + 24 = 0. Let c = z + 11. List the prime factors of c.
7
Let d(s) = s**2 - 6*s + 3. Let x be d(6). Suppose -t - 76 = -x*i, 4*i - i - 3*t - 78 = 0. List the prime factors of i.
5
List the prime factors of (-129)/(-9)*(3 + 0).
43
Suppose 3*p - 2*p + 11 = -3*o, 4*p + 4*o + 12 = 0. Let j(l) be the second derivative of 5*l**4/4 - l**3/3 + l**2/2 + l. What are the prime factors of j(p)?
2, 7
Suppose 5*j = 4*h - 127, -3*j - 4*h - 22 = 67. Let w = j - -57. List the prime factors of w.
2, 3, 5
Let w(r) = -4 - r**3 + 2*r**3 + 16 + 9*r**2. Suppose -3*o - o = 36. List the prime factors of w(o).
2, 3
Suppose 3*b = b - 20. Let u(p) = -p**2 - 10*p + 2. What are the prime factors of u(b)?
2
Let h(q) = 2*q - 4. Let o be h(4). Suppose g - o*k = -14, 0 = 4*g + 3*k - 13 - 7. List the prime factors of g.
2
Let t be 5*(12/(-15) - -2). Let g be ((-22)/(-8))/(t/48). Let p = -15 + g. What are the prime factors of p?
7
Let f(l) = 23*l + 34. What are the prime factors of f(7)?
3, 5, 13
Let c(k) = 72*k + 2. Let j be c(1). Let b = -43 + j. List the prime factors of b.
31
Suppose 11 = 2*r + 5*c, -c - 4*c = 5. List the prime factors of r.
2
What are the prime factors of ((6 - 11) + 4)*-134?
2, 67
Suppose 5*n + 2*t - 137 = 0, n + 2*t = -2*t + 31. List the prime factors of n.
3
Suppose -11 = -i - 0*i. Suppose 4*s = 207 - i. List the prime factors of s.
7
Let f = 22 + -15. Let l be 2/f + (-12)/42. Suppose -12 = -l*h - 4*h. List the prime factors of h.
3
Let k = -98 + 146. What are the prime factors of k?
2, 3
Suppose 4*o = -3*y - 10, 3*y - 5*o = -1 - 0. What are the prime factors of 42/4*(y + 4)?
3, 7
Let d be (13/2 - 2)*2. Let k(c) = c**3 + 5*c**2 - c + 1. Let l be k(-5). Let i = d - l. What are the prime factors of i?
3
Let o be ((-2)/3)/(12/1746). Let h = -66 - o. What are the prime factors of h?
31
Suppose -5*o = 5*z - 175 - 480, 3*o - 425 = 5*z. List the prime factors of o.
3, 5
Let n(l) = 9*l - 1. Let g(v) = v**2 + 6*v + 7. Let h be g(-5). Suppose -h*x - 4*p = -14, -4*x - 5 = 2*p - 5*p. List the prime factors of n(x).
2
Let f = 8 + -19. Let i = 11 + -17. Let c = i - f. List the prime factors of c.
5
Suppose 2*l = l + 16. What are the prime factors of l?
2
Let f = 419 + -298. Suppose -k - 66 = -3*r, -7*r - 2*k = -2*r - f. What are the prime factors of r?
23
Suppose 34 = -4*b + 2*t, t - 29 = 4*b - 0*b. Let c be (-4)/(-6) - (-16)/b. List the prime factors of c/(4/(-34)) - 2.
3, 5
Let s = -2 + 6. Suppose 2*g + 70 = 5*v, 0 = -3*v + 5*g - s + 27. What are the prime factors of v?
2
Let p = 305 + -216. List the prime factors of p.
89
Let v(m) = -m**3 - 4*m**2 - m - 5. What are the prime factors of v(-5)?
5
Let s be (-40)/(-16)*(-2)/(-1). Suppose 0 = s*o - 3*o - 12. What are the prime factors of o?
2, 3
Suppose 0 = 3*q - 5*q + 4. Let w(o) = -q*o - 1 + 4 - 4. What are the prime factors of w(-4)?
7
List the prime factors of (-2)/(-1)*2*10.
2, 5
Let s = -4 + 16. Let l = s - 1. What are the prime factors of l?
11
Let r(w) = 2*w**2 + 4. What are the prime factors of r(4)?
2, 3
Suppose 2*x = 6*x + 5*n + 38, 2*x - 5*n = -34. Suppose y = -4*d - 23, 4*y = -2*d + 4*d - 2. List the prime factors of 2/1 + x/y.
2, 3
Let p(z) = -z**3 + 2*z**2 - 4*z + 2. Let h be p(2). What are the prime factors of (0 + 20)*(-3)/h?
2, 5
Suppose 2*o + 0*o - 2*u - 136 = 0, 5*u - 290 = -5*o. List the prime factors of o.
3, 7
Let b be 170/6 + 9/(-27). Suppose 0 = -2*r + w + w + b, -4*r + 54 = -3*w. List the prime factors of r.
2, 3
Let n(v) = -v - 3. Let x be n(-6). Suppose z + 1 + 1 = s, z = -x*s + 10. Suppose -s*t = -t - 14. What are the prime factors of t?
7
What are the prime factors of ((-60)/(-21) - 2)*14?
2, 3
Let f be (-6)/(112/36 - 3). What are the prime factors of 2/(-9) - 552/f?
2, 5
Suppose c - 5*p - 8 = 0, -c - 4*p = 3*c - 8. Suppose 4*w - 5 - c = 0. Suppose 2*m - 3*q - 6 = 0, w*q = -4*m + 4*q + 20. List the prime factors of m.
2, 3
What are the prime factors of ((-20)/(-4) - 4)/((-2)/(-202))?
101
Let o = 101 - 73. What are the prime factors of o?
2, 7
Suppose 4*t = 2*q + 2, 0*t = -2*t + 8. Let d be (-5)/(-10)*(1 + q). Suppose -3 - 17 = -d*w. What are the prime factors of w?
5
Let z be -13*(-6